11).
5
Let h = 3 - 0. Let r(j) = j**2 + 12*j - 16. Let t be r(-14). Let v(f) = -1 - 13*f + t*f + 3 - 1. Determine v(h).
-2
Suppose -6*t + 17 = -19. Let x be t/21 + (-24)/(-14). Let r(i) = 2 - 13 - i**2 + 7 - 8*i + x*i. Determine r(-4).
4
Let o(r) = -r**2 - 5*r + 9. Suppose 0 = 9*u - 13*u + 3*i - 35, -i = -u - 10. Give o(u).
9
Let u(t) = -t**3 + 25*t**2 + 27*t - 20. Let j be u(26). Let d(r) be the third derivative of -r**4/12 + 4*r**3/3 - 2*r**2. What is d(j)?
-4
Let s(j) be the second derivative of -2*j**3/3 + j**2 + 2*j + 7. What is s(1)?
-2
Let u(p) = p**2 + 2*p - 2. Suppose 0 = 5*g - g - 8. Let x = 0 + 7. Let c(f) = -4*f**2 - 7*f + 7. Let v(n) = g*c(n) + x*u(n). Determine v(3).
-9
Let d(j) = -j - 1. Let s be d(0). Let r(t) = t**3 - t**2 + t + 1. Let n(g) = g**3 + 5*g**2 + 12. Let f(q) = s*n(q) + 2*r(q). Calculate f(7).
4
Let t(f) be the third derivative of f**6/120 - f**5/20 - f**4/24 + 2*f**3/3 - 5*f**2 + 15*f. Determine t(3).
1
Let m(s) = s + 21. Let t(y) = -18*y - 1241. Let c be t(-68). Determine m(c).
4
Let b(n) = 5*n - 5. Let k be 49/21 + 2/(-6). Let q be b(k). Let p(d) = -3*d. Let g(l) = l. Let z(v) = q*g(v) + 2*p(v). Calculate z(-5).
5
Let j(z) = -2*z**3 + z**2 + 4. Let g be j(0). Let w(c) = -g*c - 1 + 0*c - c + 6*c. Let u(o) = o**2 + 2*o - 5. Let n be u(-4). Determine w(n).
2
Suppose -4*y + 8*y = -32. Let a be (-62)/y - 12/(-48). Let d be (-18)/8 - a/(-32). Let c(l) = 2*l**2 + 3*l + 3. Give c(d).
5
Let m(b) = -14*b - 11. Let w(h) = 38*h + 32. Let p(g) = -11*m(g) - 4*w(g). Suppose 0*k + 4*k = 20. Calculate p(k).
3
Let y(j) = -j**2 - j + 4. Let l(u) be the second derivative of 0 - 1/6*u**3 - 7*u + 1/3*u**4 + 2*u**2 - 1/20*u**5. Let p be l(4). What is y(p)?
4
Let n be 2/10 - (-4)/(-20). Let v(o) = 2*o - 5*o + n - 1. Let c(z) = -2*z**3 - 5*z**2 + 2*z - 4. Let b be c(-3). What is v(b)?
2
Let l(t) = t**2 - 17*t - 37. Let m be (-688)/1892 + 213/11. Determine l(m).
1
Let o(q) = q**3 - q**2 + q + 1. Suppose -18*b + 20*b + 8 = 0. Let y be ((-6)/b)/(3/4). Determine o(y).
7
Let o(g) = -11*g**2 - 9*g - 8. Let i be (-4)/6 - (-112)/24 - -2. Let m(z) = 5*z**2 + 4*z + 4. Let x(l) = i*o(l) + 13*m(l). Give x(3).
-11
Let g(r) = 9*r**2 + 16*r + 16. Let n(f) = 5*f**2 + 8*f + 8. Let h(a) = 4*g(a) - 7*n(a). Let m(v) = -2*v**3 - 10*v**2 - 4*v + 10. Let k be m(-4). Determine h(k).
-4
Let n(q) = -q**2 + 3*q + 2. Let m be (260/(-6))/13*6/(-4). What is n(m)?
-8
Let x = 10 - 14. Let h(m) be the third derivative of -m**6/120 - m**5/15 + m**4/12 + m**3 + 2378*m**2 + 3*m. Calculate h(x).
-2
Let t = -48 - -48. Let i(w) = -2 + 3*w - 2*w + t - 2. What is i(6)?
2
Let n(i) = i**2 + i + 3. Let s be (-9)/(-2)*(-4)/3. Let y be (-4)/s - (-44)/(-12). Determine n(y).
9
Let l be 0/(4/((-12)/(-3))). Suppose 4*v - 66 - 2 = l. Suppose x = 3*n - 2*x + 21, 3*n + x = -v. Let j(y) = y**2 + 5*y - 8. Give j(n).
-2
Let y(a) = -3*a - 33. Let s be y(-11). Let t = 6 + s. Let f(c) = c**2 - 6*c - 6. Calculate f(t).
-6
Let f be 0/(3 - 0) - -19. Let b(o) = -27 - f + 50 - o**2. Give b(-3).
-5
Let d(l) = 2*l + 1. Suppose 369*z + 5 = 370*z. Give d(z).
11
Let b(s) = -2*s - 10. Let i(a) = 2*a + 8. Let y(u) = -4*b(u) - 5*i(u). Determine y(4).
-8
Let t(q) = -q + 1. Let a be ((-21)/(-6))/((-1)/6). Let u = -18 - a. Give t(u).
-2
Let h = -16 - -21. Let k(l) = -l**3 + 6*l**2 - 6*l. What is k(h)?
-5
Let j(n) = -5*n - 8. Let s(h) = 11*h + 17. Suppose c = 3*r + 2*c + 36, r = c - 16. Let z(w) = r*j(w) - 6*s(w). Calculate z(-4).
6
Let b = -167 + 163. Let r(f) = f**2 + f - 1. What is r(b)?
11
Let g(c) = c**2 - 2*c. Let b be g(2). Let q be (-4 - -5)*b/4. Suppose 0 = -q*y - 3*y - 3. Let x(s) = s**3 + 2*s**2 - 1. Give x(y).
0
Let m = 233 + -228. Let i(h) = -h**2 + 8*h - 6. Calculate i(m).
9
Let y(p) = -7*p. Suppose 12*r - 10*r - 10 = 0. Suppose -5*o - x = -34, x = r*o - 37 + 1. Suppose 0 = o*c + c + 8. What is y(c)?
7
Suppose -2*r + 1 + 3 = 0. Suppose 0*s = -s + r. Let v be (s + -2)*(-7 + 6). Let a(g) = -g**2 - g + 6. Calculate a(v).
6
Let f(v) be the second derivative of -28*v + 0 + 0*v**2 + 1/20*v**5 + 5/12*v**4 + 5/6*v**3. Let q = 0 + -4. Calculate f(q).
-4
Suppose 0 = -37*d - 107 - 41. Let q(f) = 4*f**2. Give q(d).
64
Let d(a) be the third derivative of -1/24*a**4 + 11*a**2 + 0*a**3 + 0 + 0*a. Determine d(6).
-6
Let k(v) = v**2 - 22*v - 56. Let a be k(25). Let h = 15 - a. Let o(m) = -2*m**2 - 6*m - 1. What is o(h)?
-9
Let k(j) = j**2 - 5*j + 2. Let b(r) = -4*r**2 + 19*r - 9. Let c(t) = -2*b(t) - 9*k(t). Let q be c(7). Let z(l) = -l**3 + l**2 + l + 7. Calculate z(q).
7
Let c(t) = 3*t**2 - 2. Let l(b) = -b**2 + 1. Let y(o) = c(o) + 4*l(o). Let k be y(-3). Let s(u) = -6*u**2 + 3 + u + 2 - u**3 - u**2 + 3. What is s(k)?
1
Let p(r) = -r**2 + r - 8. Let z(t) = -3*t + 21. Let f(v) = -2*v**3 - 2*v**2 - 1. Let g be f(-2). Let k be z(g). Determine p(k).
-8
Let l(m) = -3*m - 4. Suppose -6*h + 2*z + 30 = -4*h, -40 = -5*h - 2*z. Suppose -h*c = 5*c + 60. What is l(c)?
8
Let z(q) = q**2 - 4*q - 6. Let n(v) = -4 - v**3 + 19*v**2 - 9*v**2 - 12*v**2. Let w = -6 - -3. Let f be n(w). Determine z(f).
-1
Let l(t) = 2*t**3 - 7*t**2 + t + 18. Let b = -27 + 21. Let j(q) = -q**3 + 3*q**2 - 9. Let m(z) = b*l(z) - 11*j(z). Determine m(8).
7
Let j(d) = -d**3 + d**2 - d + 2. Suppose 8 = -2*p, -2*c - 3*p = -2*p + 4. Let x be j(c). Let s = x + -2. Let g(t) = -t - 6. Determine g(s).
-6
Let t be (0 - 1)/(-4 - -3). Suppose -4*q + 19 = -t. Let x(c) = -c**2 + 4*c - 5. Calculate x(q).
-10
Let u be (-2)/(-1)*2*2. Suppose -u = 3*v + v. Let t(r) = 3 + 351*r - 1 - 89*r - 92*r - 79*r - 85*r. Give t(v).
-10
Let f be 2 - (6/8)/(2/(-8)). Let n(d) = 3 - d**3 - f*d + 3*d**2 + 3*d - 6*d**2 - 3*d**2. Calculate n(-5).
-12
Let f(n) = 10*n - 6. Let c(u) = 24*u - 13. Let r(t) = -3*c(t) + 7*f(t). Determine r(8).
-19
Let z(f) = -8 - 4*f + 2*f + f. Let t(c) = -6*c**3 - 2*c**2 + c - 2. Let o be t(2). Let k = 52 + o. Give z(k).
-4
Suppose 13*w - 8 = 17*w. Let k(s) = s**2 - 2*s - 1. Give k(w).
7
Let s(l) = l**2 + 7*l + 3. Let k be 1*(-8 + (-2 - -3)). Let v be s(k). Let z(t) = -3*t + 4*t**2 + 2*t**3 - v*t**3 + 2*t**2 + 7 + t. Calculate z(6).
-5
Let y = 31 + -24. Let n = 12 - y. Suppose u - 2*c - 5 = 0, 3*u = -c - 1 - n. Let t(b) = 10*b. Give t(u).
-10
Suppose 588*z = 561*z + 81. Let p(h) be the second derivative of h**4/12 - 2*h**3/3 + 3*h**2/2 - h. Calculate p(z).
0
Let r(b) = 9*b + 1. Let s = -36 - -45. Suppose -5*d + s = 4*d. What is r(d)?
10
Let u(k) be the first derivative of 2*k**3/3 - k**2/2 - 9. Let w be 5 - 2*(-1)/(-2). Let a = w - 3. What is u(a)?
1
Suppose -d + 22 = 4*x, 3*d - 2*x - 17 - 35 = 0. Suppose 0 = 15*c - 8*c + 91. Let m = d + c. Let p(f) = -f + 6. Calculate p(m).
1
Suppose 34*n - 39*n = -10. Let h(y) = -6 + y + 28*y**n - 29*y**2 + 0*y. What is h(0)?
-6
Let g(m) = m**3 + 5*m**2 + 1. Suppose 2*a - 19*a - 85 = 0. What is g(a)?
1
Suppose -7*l + 51 = 2. Let u(h) = -h**3 + 7*h**2 - 3*h + 21. What is u(l)?
0
Let s(g) = 2*g**2 - 10*g + 8. Let m be s(4). Let w(v) = v + 22. Determine w(m).
22
Let a = -208 - -203. Let d(x) = -3*x - 8. Determine d(a).
7
Let y(v) = v**3 - 2*v**2 + v - 4. Suppose -267*u = -270*u + 9. What is y(u)?
8
Let z(b) be the second derivative of 1/2*b**2 + 1/12*b**4 + 0*b**3 - 13*b + 0. What is z(2)?
5
Let n(v) = v - 17. Suppose 3*d = -3*u + 69, -3*d + 51 = 2*u - 14. What is n(d)?
2
Suppose 2 = b - 3. Let z(d) = -6*d**2 - 3*d**2 + 5*d**2 + b*d - 3. What is z(3)?
-24
Let y(b) = 5*b**2 + 0*b**3 + 5*b + b**3 + 95 - 95. Give y(-4).
-4
Let u(g) = -9*g - 9. Let y be u(-1). Let b(v) be the third derivative of v**2 + 1/3*v**3 + 0 + 1/24*v**4 + 0*v. Determine b(y).
2
Let o = 12 - 20. Let t(n) = n**3 + 13*n**2 + 29. Let k(d) = -3*d**3 - 38*d**2 + d - 84. Let b(u) = 6*k(u) + 17*t(u). Give b(o).
5
Let o(g) = g + 1. Let j(t) = -t**2 - 17*t + 2. Let x be j(-17). Let l be o(x). Let k(b) = 4*b**2 + 4*b**3 + 3*b - 6*b**3 + 4 - b + b**l. Determine k(4).
12
Let w(l) = -69 + 190 - 42 - 49 + 13*l. Calculate w(-3).
-9
Let c(v) = -4*v**3 - 3*v**2 - v + 4. Let q(n) = 3*n**3 + n - 5. Let o(f) = -2*c(f) - 3*q(f). What is o(6)?
1
Let d(f) be the first derivative of f**6/120 - f**5/12 - f**4/24 + f**3 - 10*f**2 - 4. Let y(n) be the second derivative of d(n). What is y(5)?
1
Suppose 0 = 4*c - j + 112, -4*c - 3*j - 113 + 1 = 0. Let h = c - -31. Suppose -1 = -u + 